= -g - 2. Let j(r) = -2*r - 3. Let l(i) = 4*a(i) - 3*j(i). Suppose -2*q - 1 = -x - 14, -5*x - 3*q = 0. Calculate l(x).
-5
Let i = -13 + 11. Let d be (3 - (2 + i)) + -1. Let j(y) = y + 3*y**2 + y**3 - 3*y**3 - 3*y. Determine j(d).
-8
Let k(u) = u**2 + 7*u + 7. Let b = 8 - 14. Calculate k(b).
1
Let p(q) = q**3 + 4*q**2 + 4*q + 3. Let f = 42 - 44. What is p(f)?
3
Let z(o) = 5*o - 2*o**2 + 4*o**3 - 4*o**2 + 2 - 3*o**3 - 4. Determine z(5).
-2
Let y(w) be the first derivative of 0*w**2 - 3/4*w**4 + 3 + w + 0*w**3. Calculate y(-1).
4
Suppose 0 = 3*y - 10 + 19. Let w(j) = -j**3 - j**2 + 2*j + 2. Give w(y).
14
Let m(n) = -n**2 - n. Let w(u) = -2*u - 9. Let d be w(-7). Suppose 2*r = 7*r + d. Calculate m(r).
0
Let y(c) = 31*c - 7 + 28*c + 30*c - 88*c. Let j be 4 + 3/(-3) + 2. Suppose 2*i = -j*f + 3*i, -2*i = 3*f. Give y(f).
-7
Suppose -9 + 33 = 6*n. Let h(g) = g**2 - 5*g - 3. Determine h(n).
-7
Let b(j) = -j - 13. Let r = 75 - 75. Calculate b(r).
-13
Let o(x) = -x**2 + 5*x + 2. Suppose -8 - 16 = -4*l. Give o(l).
-4
Let b(z) be the third derivative of z**6/360 + z**5/20 - z**4/8 + 5*z**2. Let n(o) be the second derivative of b(o). What is n(-5)?
-4
Let c(d) = -3*d - 2. Suppose 4*h = 4*m + 32, 2*h - 6*h = -2*m - 26. Let r = -11 - -16. Suppose -2*i - 1 - 23 = -r*v, i - h*v + 22 = 0. What is c(i)?
4
Let z(c) = -c**3 - 9*c**2 + 4. Let l = -45 + 36. Calculate z(l).
4
Let y(a) be the third derivative of -a**6/120 + 7*a**5/60 - 7*a**4/24 + 5*a**3/6 - a**2. Let c = -42 - -48. What is y(c)?
-1
Let d(h) = 4*h + 1. Let g be ((-16)/5)/((-2)/5). Suppose 4*z + 4*c = g, -5*z + 3*z - 5*c = -16. Determine d(z).
-7
Let p = 3 + -2. Let r(b) = 8*b + p + 0 - 13*b + 4*b. Suppose 3*t + 5*d + 14 = 0, 4*t - 2*d + 3 = -7. What is r(t)?
4
Let m(x) be the second derivative of -x**5/20 + 5*x**4/12 - x**3/3 - 3*x**2/2 - x. Determine m(4).
5
Let o(q) = -37*q**2 - 36*q**2 + 1 - q + 80*q**2. Determine o(1).
7
Let t(h) be the third derivative of h**5/60 - h**4/4 + 2*h**3/3 - 2*h**2. Let s = 11 + -6. Determine t(s).
-1
Let b(q) = 5*q**2 - 9*q**2 - 4 - 2*q + 5*q**2 + 5*q. Determine b(-5).
6
Let d(g) = -g**2 + 8*g - 3. Let h be d(7). Let l(r) = -h*r**2 - 4*r + r**2 + 2*r**2. What is l(-4)?
0
Let d(v) = -v - 8. Suppose -j + 9 = 4. Suppose -b = -j*o + 7, -2*o + 9 = 5*b - 10. Suppose -5*k + o = 22. Give d(k).
-4
Let k(i) be the first derivative of i**4/4 - i**2/2 + 5*i - 6. Calculate k(0).
5
Let k(u) = -7*u**3 + 2*u**2 - 2*u + 1. Suppose -2*s - s = 24. Let p = 9 + s. Determine k(p).
-6
Suppose 2*t - 10 = -0*t. Let k(g) = 2*g - 1. Let r(m) = -5*m + 2. Let o(x) = 8*k(x) + 3*r(x). Calculate o(t).
3
Let p(o) = 20*o + 4. Let y(i) = 21*i + 5. Let q(z) = -6*p(z) + 5*y(z). What is q(-1)?
16
Let k(p) = -4*p**2 + 4*p**2 + 1 + 2*p + 20*p**3 - 17*p**3. Let t be (-2)/6*(-2 - 1). Suppose 4 = -5*w - t. What is k(w)?
-4
Suppose -4*o = -b, 16 = 4*b - 0. Let q(j) = 3*j + 2. Let w(r) = -16*r - 11. Let a(c) = 11*q(c) + 2*w(c). Calculate a(o).
1
Let u(w) = -2*w**3 - 2*w + 1. Let h be 2/(-6) - 32/(-6). Let g be (2/h)/((-2)/(-5)). Give u(g).
-3
Let n = 14 - 16. Let k be (-2 - -4)/(n/(-4)). Let y(v) = -v**2 + 4*v - 3. Give y(k).
-3
Let h(p) = p**2 + 2. Let g be ((-2)/(24/9))/((-2)/8). What is h(g)?
11
Let q = 4 - 3. Let n = q - 2. Let i(s) be the first derivative of 2*s**3 - s**2/2 + 2. Give i(n).
7
Let v(l) = -l - 2*l + 4 - 6 + 8. Calculate v(4).
-6
Let t(h) = -41*h - 11 + 25*h + 15*h. What is t(0)?
-11
Let f be ((9/(-7))/3)/((-1)/7). Let w(o) = o**2 - 3*o - 3. Determine w(f).
-3
Let r(u) be the second derivative of 2*u + 0 + 1/12*u**4 - 3/2*u**2 + 1/3*u**3. Let w = 1 - 4. Give r(w).
0
Let u(d) be the third derivative of -d**6/120 + d**5/12 - 5*d**4/24 + 5*d**3/6 - 33*d**2. Suppose 3 = 2*a - 5. Determine u(a).
1
Let y(p) = -p**2 + 4*p + 5. Let c be y(4). Let o(f) be the second derivative of f**3/3 - 3*f**2 + 12*f. Calculate o(c).
4
Let d be 2 + 0 - 1/(-1). Let b = 8 - 5. Suppose b*n - 3 = 0, -d*n = 2*j - 5*j - 9. Let i(k) = -2*k**3 - k**2 + 3*k + 2. What is i(j)?
8
Let y(b) be the third derivative of -b**4/2 - b**3/2 - 14*b**2. What is y(-2)?
21
Let y(a) = -5*a - 7. Let q(x) = -8*x - 10. Let i(o) = -5*q(o) + 7*y(o). Let f = -4 + 8. Suppose -w - f*w + 10 = 0. What is i(w)?
11
Let l(x) be the second derivative of -5/6*x**3 + 4*x + 0*x**2 + 0. Let j be (-4)/8*-1*2. Determine l(j).
-5
Let l(z) be the second derivative of z**3/3 - 5*z**2/2 + 3*z. Let w(k) = -k. Let p(j) = -l(j) - 5*w(j). Give p(-4).
-7
Let o(w) = w**3 + 5*w**2 + 2*w + 6. Let b = -11 - -13. Suppose b*p - 30 = 4*t, t + 2*p - 1 = 4. What is o(t)?
-4
Let m(g) = -g**2 + 1. Let j(u) = -u + 6. Let z be j(6). Let o be m(z). Let p(t) be the first derivative of t**4/2 + t**3/3 - t**2 + t - 2. Calculate p(o).
2
Let y(t) = -4*t + 3. Suppose 0 = 5*x + 17 - 2. Determine y(x).
15
Suppose -6 = -3*a - 4*d, 0 = a - 6*a + 3*d - 19. Let s(y) = 3 + y**2 + 1 + 2*y - 3 - y**3. Give s(a).
9
Let q(k) = k - 1. Let g(l) = -l + 2. Let c(s) = 3*g(s) + 2*q(s). Let x = 7 + -2. Suppose -x*v - 27 = 4*i - 2*v, 5*i - 5 = 4*v. Give c(i).
7
Let o(m) = 2*m - 1. Let d be 1 - -1 - (-4)/2 - 7. Give o(d).
-7
Let y(h) be the first derivative of 3*h + 1/2*h**2 + 4. Determine y(-2).
1
Suppose 18 = -g + 5*h, -4*g + 5*g - 3*h + 10 = 0. Let c(t) be the second derivative of t**4/6 - 2*t. Give c(g).
8
Let f(k) be the second derivative of 5*k**3/6 + 7*k**2/2 - 15*k. What is f(-6)?
-23
Let d(h) = 1. Let r(j) = j. Let k(c) = c**3 + 10*c**2 + 10*c + 8. Let y be k(-9). Let l(i) = y*d(i) - r(i). Determine l(-5).
4
Let c(x) = -x + 1. Let l(g) = g**2 + 1 - 8*g + 2 + 3. Let r be l(8). Let n be ((-2)/r)/(1/(-15)). Give c(n).
-4
Let y(a) = a**2 - 9*a + 7. Let d(t) = -2*t**3 + 6*t**2 + 8*t + 6. Let m be d(4). Calculate y(m).
-11
Let b(r) = -r**2 - 3*r. Let d(g) = g**2 + 2*g. Let o(p) = -5*b(p) - 7*d(p). What is o(1)?
-1
Suppose -3*j + 5 = 2*j. Let t(p) be the second derivative of -7*p**5/10 + p**4/12 + p. Calculate t(j).
-13
Let r(j) = -4*j - 7*j + 13*j. Calculate r(5).
10
Let m(f) = -f**3 + 2*f**2 + f. Let c(z) be the first derivative of z**2/2 - z + 2. Let v be c(0). Calculate m(v).
2
Let z(k) = -k**3 - 3*k**2 - k. Suppose -3 = -p - 1. Let a be -1 - (p + -2 + 1). Let q be z(a). Let s(h) = -h**2 - 2*h + 1. Give s(q).
1
Let n(m) = -2*m + 1. Suppose 3*j - 5*t - 1 = 0, 3*t = -6*j + j + 13. Determine n(j).
-3
Let y = -16 - -16. Let v(t) be the third derivative of -1/15*t**5 + 0*t + 0 + 2*t**2 - 1/4*t**4 + y*t**3 + 1/120*t**6. Give v(5).
-5
Let z be 3/(12/10 + -1). Suppose -b - 2*b - z = 0. Let t(a) be the third derivative of -a**5/60 - 5*a**4/24 + a**3 + 9*a**2 + 5. What is t(b)?
6
Let o(n) be the second derivative of n**3/2 - 3*n**2 + n. Suppose 0 = -4*g - a + 20, 0 = -5*g - 2*a + 7*a. Determine o(g).
6
Let l be 6/(-3) - -5 - 1. Suppose 15 = -x - l*x, -5*f = 5*x + 30. Let t(q) = 5*q**2 - 1 + 3 - q - 3. Determine t(f).
5
Suppose 31 = 4*o - 5*d, -2*o + 0*o - 7 = 5*d. Suppose o = -g + 6. Let j(y) = 3 + 0 + y - 4*y - g. Give j(3).
-8
Let x(h) = -42*h - 3*h**3 + 2*h**3 - 3 + 37*h + 6*h**2. What is x(5)?
-3
Let i(w) = -3*w + 1. Let p be i(1). Let s(h) = 4*h - 1. What is s(p)?
-9
Let f(v) be the second derivative of -v**4/12 - 5*v**3/6 + v**2/2 + v. Suppose z - 4*w = -z - 4, 0 = -z + 3*w - 6. Let b be (-18)/z - 1*2. Determine f(b).
1
Let x(z) = 2*z - 8 - 5*z - 4*z - 10*z**2 + 11*z**2. Calculate x(7).
-8
Let o(f) be the second derivative of 0 + 3*f - f**3 - 7/12*f**4 - 1/20*f**5 + 2*f**2. Give o(-6).
4
Let p(w) = w**2 - 6*w + 6. Suppose -12 - 12 = -4*c - 3*h, 0 = 3*c - 4*h - 18. What is p(c)?
6
Suppose 3*r = 5*r - 6. Let h = -3 + 6. Suppose r*v + 4 - 7 = -h*p, 3*p - v = 7. Let g(b) = -b**3 + b**2 + b - 2. Determine g(p).
-4
Let r(g) = -2*g + 6. Suppose 2*k + 4*h = -16, -k + 4*k - 16 = 2*h. Suppose -3*o + 17 = -3*w + k, -20 = -3*w - 4*o. Let y(v) = v + 4. Let b be y(w). Give r(b).
-2
Let y(x) = -x**2 - x + 1. Let l be y(-2). Let g(r) be the first derivative of 5*r**3/3 - r**2 - r + 5. Determine g(l).
6
Let h(k) = -k**3 + 3*k**2 + 4*k + 5. Suppose -2*b - 10 = 5*u - 3, 2*u + 22 = 4*b. Give h(b).
5
Let i(k) = -2*k**3 + 1. Suppose s + 3*s = 8. Suppose 0 = p + p + s. Calculate i(p).
3
Let y(j) be the second derivative of -j**7/2520 - j**6/144 + j**5/20 - j**4/3 + 6*j. Let q(i) be the third derivative of y(i). Give q(-6).
0
Let